tiple of 4?
True
Is 443 a multiple of 38?
False
Is 78024 a multiple of 294?
False
Is 87 a factor of 1141?
False
Does 114 divide 5358?
True
Does 109 divide 3891?
False
Is 61865 a multiple of 85?
False
Does 4 divide 16007?
False
Is 14 a factor of 140?
True
Is 182 a factor of 30212?
True
Is 2020 a multiple of 20?
True
Is 766 a multiple of 26?
False
Is 90 a multiple of 10?
True
Does 62 divide 1043?
False
Is 1980 a multiple of 55?
True
Is 13047 a multiple of 101?
False
Does 12 divide 52301?
False
Is 2447 a multiple of 189?
False
Is 61074 a multiple of 87?
True
Is 88 even?
True
Is 1265 a multiple of 23?
True
Is 15 a factor of 114?
False
Is 116 a factor of 8821?
False
Does 28 divide 1729?
False
Does 4 divide 25954?
False
Is 103 a factor of 9991?
True
Is 55 a factor of 962?
False
Is 1310 a multiple of 18?
False
Is 67165 a multiple of 16?
False
Does 7 divide 4104?
False
Does 31 divide 1240?
True
Is 2 a factor of 14496?
True
Is 5217 a multiple of 82?
False
Does 10 divide 17147?
False
Does 42 divide 700?
False
Is 39 a factor of 117?
True
Is 2223 a multiple of 171?
True
Is 85 a factor of 16875?
False
Is 93 a factor of 186?
True
Does 113 divide 17741?
True
Is 1140 a multiple of 10?
True
Does 66 divide 1386?
True
Is 123 a factor of 15744?
True
Is 1410 a multiple of 47?
True
Does 163 divide 3160?
False
Does 18 divide 16959?
False
Does 60 divide 14100?
True
Is 9 a factor of 6487?
False
Is 45892 a multiple of 36?
False
Is 87165 a multiple of 117?
True
Is 22 a factor of 154?
True
Is 181 a factor of 43355?
False
Does 29 divide 8120?
True
Is 992 a multiple of 62?
True
Is 224 a multiple of 14?
True
Is 159 a factor of 6360?
True
Does 7 divide 501?
False
Is 10 a factor of 87741?
False
Is 312 a multiple of 24?
True
Is 20 a factor of 327?
False
Is 968 a multiple of 88?
True
Is 32 a factor of 13254?
False
Is 97 a factor of 2672?
False
Is 50 a multiple of 7?
False
Does 88 divide 352?
True
Does 15 divide 5970?
True
Is 13 a factor of 351?
True
Does 4 divide 686?
False
Does 92 divide 15548?
True
Is 600 a multiple of 12?
True
Is 6770 a multiple of 5?
True
Does 6 divide 138?
True
Is 42264 a multiple of 18?
True
Is 6300 a multiple of 18?
True
Does 39 divide 43134?
True
Does 17 divide 83594?
False
Is 5618 a multiple of 28?
False
Does 114 divide 7604?
False
Does 226 divide 9196?
False
Does 34 divide 238?
True
Does 14 divide 1330?
True
Is 880 a multiple of 40?
True
Does 3 divide 76?
False
Is 19488 a multiple of 116?
True
Is 10 a factor of 1050?
True
Is 901 a multiple of 26?
False
Does 31 divide 5983?
True
Does 10 divide 281?
False
Does 60 divide 40215?
False
Is 48852 a multiple of 36?
True
Is 1948 a multiple of 44?
False
Is 7069 a multiple of 10?
False
Is 12 a factor of 5556?
True
Is 35 a factor of 21035?
True
Is 401 a multiple of 23?
False
Is 6528 a multiple of 32?
True
Does 34 divide 34466?
False
Does 54 divide 378?
True
Is 38 a factor of 10678?
True
Is 1504 a multiple of 47?
True
Does 9 divide 763?
False
Is 1227 a multiple of 5?
False
Is 1168 a multiple of 4?
True
Is 14 a factor of 90?
False
Is 679 a multiple of 22?
False
Is 50 a factor of 450?
True
Does 10 divide 37071?
False
Is 416 a multiple of 52?
True
Is 40172 a multiple of 22?
True
Is 12 a factor of 120?
True
Does 24 divide 5482?
False
Is 31 a factor of 365?
False
Is 66 a factor of 81774?
True
Is 138 a factor of 8832?
True
Is 1763 a multiple of 78?
False
Is 9 a factor of 9135?
True
Is 12544 a multiple of 98?
True
Is 118 a factor of 17936?
True
Is 158 a multiple of 3?
False
Does 93 divide 900?
False
Is 10859 a multiple of 20?
False
Is 16 a factor of 17145?
False
Is 2 a factor of 92?
True
Does 7 divide 903?
True
Is 14 a factor of 1479?
False
Is 23320 a multiple of 8?
True
Does 22 divide 784?
False
Does 23 divide 2198?
False
Is 286 even?
True
Does 47 divide 940?
True
Is 50440 a multiple of 97?
True
Is 23 a factor of 19895?
True
Is 127 a multiple of 6?
False
Is 16 a factor of 15216?
True
Does 6 divide 1998?
True
Does 14 divide 20950?
False
Is 230 a factor of 33810?
True
Is 1430 a multiple of 65?
True
Is 1240 a multiple of 10?
True
Is 8 a factor of 168?
True
Is 156 a factor of 7956?
True
Is 1568 a multiple of 4?
True
Is 26 a factor of 2867?
False
Is 17 a factor of 8211?
True
Is 316 a multiple of 6?
False
Does 16 divide 2976?
True
Is 6 a factor of 5592?
True
Does 5 divide 340?
True
Does 14 divide 93086?
True
Does 58 divide 1566?
True
Is 15 a factor of 169?
False
Is 9 a factor of 24939?
True
Is 8 a factor of 216?
True
Is 2 a factor of 159?
False
Does 43 divide 5067?
False
Does 20 divide 4601?
False
Does 11 divide 3905?
True
Is 43865 a multiple of 283?
True
Does 7 divide 210?
True
Is 53 a factor of 3798?
False
Is 28 a factor of 952?
True
Is 8 a factor of 56?
True
Does 17 divide 47260?
True
Does 31 divide 5270?
True
Is 946 even?
True
Is 1533 a multiple of 102?
False
Is 89 a factor of 7832?
True
Does 108 divide 7026?
False
Is 1633 a multiple of 71?
True
Does 152 divide 27816?
True
Is 35953 a multiple of 18?
False
Does 3 divide 18198?
True
Does 27 divide 1377?
True
Is 4068 a multiple of 144?
False
Is 9 a factor of 38856?
False
Does 20 divide 11883?
False
Is 253 a multiple of 4?
False
Is 5626 a multiple of 29?
True
Is 7471 a multiple of 9?
False
Does 19 divide 13984?
True
Is 30 a factor of 153?
False
Is 43 a factor of 6823?
False
Does 60 divide 2040?
True
Is 27 a factor of 10251?
False
Does 8 divide 8264?
True
Is 7 a factor of 1211?
True
Is 1074 a multiple of 27?
False
Is 74 a factor of 293?
False
Is 50721 a multiple of 29?
True
Does 8 divide 2896?
True
Does 7 divide 2793?
True
Is 10 a factor of 4100?
True
Is 117 a factor of 12600?
False
Does 19 divide 2358?
False
Is 86 a multiple of 2?
True
Is 109 a factor of 581?
False
Is 36 a factor of 936?
True
Is 288 a multiple of 9?
True
Does 8 divide 626?
False
Does 16 divide 16230?
False
Is 43 a factor of 28725?
False
Is 4 a factor of 1359?
False
Is 2046 a multiple of 55?
False
Is 12 a factor of 1444?
False
Is 9935 a multiple of 5?
True
Is 24 a factor of 1464?
True
Is 59 a factor of 153600?
False
Is 3198 a multiple of 78?
True
Is 7 a factor of 1961?
False
Is 21307 a multiple of 149?
True
Does 6 divide 602?
False
Is 523 even?
False
Is 1224 a multiple of 51?
True
Is 1391 a multiple of 13?
True
Does 17 divide 1501?
False
Does 178 divide 8478?
False
Is 30 a factor of 1223?
False
Does 15 divide 2555?
False
Is 221 a multiple of 8?
False
Is 11 a factor of 3064?
False
Does 3 divide 1845?
True
Does 17 divide 1375?
False
Is 35 a factor of 593?
False
Does 11 divide 318?
False
Does 26 divide 1058?
False
Does 26 divide 59228?
True
Is 292 a factor of 44195?
False
Does 3 divide 7513?
False
Is 7128 a multiple of 12?
True
Is 180 a factor of 73080?
True
Is 227 a multiple of 13?
False
Does 49 divide 2268?
False
Is 28716 a multiple of 6?
True
Does 3 divide 667?
False
Does 30 divide 12180?
True
Does 39 divide 3042?
True
Is 4 a factor of 567?
False
Is 113 a factor of 6780?
True
Is 683 a multiple of 2?
False
Is 7 a factor of 6066?
False
Is 29 a factor of 876?
False
Does 8 divide 86?
False
Is 156 a multiple of 4?
True
Is 1275 a multiple of 51?
True
Does 13 divide 28353?
True
Is 1882 a multiple of 7?
False
Is 10 even?
True
Does 11 divide 58927?
True
Is 8 a factor of 56?
True
Is 12 a factor of 240?
True
Is 1162 a multiple of 18?
False
Is 89 a factor of 17451?
False
Does 11 divide 129?
False
Does 21 divide 2583?
True
Is 1128 a multiple of 12?
True
Is 138 a multiple of 23?
True
Is 10 a factor of 750?
True
Is 86 a factor of 19436?
True
Is 18 a factor of 497?
False
Is 13692 a multiple of 12?
True
Is 9 a factor of 396?
True
Is 169 a factor of 8788?
True
Does 28 divide 1917?
False
Does 13 divide 1287?
True
Is 11316 a multiple of 12?
True
Is 39 a factor of 42315?
True
Does 11 divide 1628?
True
Does 24 divide 496?
False
Does 37 divide 13356?
False
Is 4571 a multiple of 32?
False
Does 8 divide 2208?
True
Does 5 divide 35?
True
Is 3248 a multiple of 56?
True
Does 14 divide 101?
False
Does 150 divide 95532?
False
Does 3 divide 4257?
True
Does 8 divide 2448?
True
Is 99 a factor of 3960?
True
Is 12546 a multiple of 193?
False
Is 1104 a multiple of 10?
False
Is 14 a factor of 5416?
False
Is 5334 a multiple of 71?
False
Does 54 divide 3888?
True
Is 56 a multiple of 13?
False
Is 13091 a multiple of 19?
True
Is 17380 a multiple